= 2 - -1. Let r(t) = -t + 1. Let b be r(x). Let q = 44 - b. Is q a prime number?
False
Let g(d) = 21*d**3 - 2*d**2 - d - 1. Let f be g(3). Suppose 0 = 5*o - 5*r - f, -4*o + 2*r = 5*r - 464. Is o a composite number?
False
Let j = -1164 - -1961. Is j a prime number?
True
Let j be -3 + (2 - 1) - -2. Suppose -p + j*p - 60 = -3*r, 2*p - 51 = -3*r. Is r prime?
True
Suppose -2*i - 3*i = -5*h - 445, -5*h - 354 = -4*i. Is i composite?
True
Let q(x) = 477*x**3 + 2*x**2 - x. Let k be q(1). Let t = -339 + k. Is t a composite number?
False
Suppose -26*p = -33*p + 4949. Is p composite?
True
Let g = 158 - 68. Suppose -g = -w - 11. Is w a prime number?
True
Suppose 0 = 3*d - 5*d. Suppose d - 2 = -p + 2*t, t = -3*p + 6. Suppose 5*f - p*y = 121, -3*f + 3*y + 78 = -0*f. Is f a composite number?
False
Let d(z) = -38*z - 1. Let c(s) = s**2 - 10*s + 10. Let o be c(8). Let j be d(o). Suppose 4*y - 735 = -j. Is y a composite number?
False
Let n be (-3 + -1 + 2)*4. Let h be (-74)/n - (-24)/32. Suppose -h = -m - 0. Is m a prime number?
False
Is 2 - (2 - 1295/5) a prime number?
False
Let m(p) = -2*p + 1 - p**2 - 3*p**2 + p**3 - p. Let b be m(5). Suppose 4*g = 2*c - 51 - b, -25 = -c + 5*g. Is c a prime number?
False
Suppose -5*t - 15 = 0, 0 = -0*u - 5*u + 5*t + 35. Suppose u*p - 70 = -p. Is p a composite number?
True
Let w(z) = z**3 - 8*z**2 + 7*z + 4. Let p be w(7). Let m = p + -2. Is m*108 - 2/(-2) composite?
True
Let v(x) = x - 3. Let n be v(0). Let h be 6 + n + 1 + 0. Suppose 170 = b + h*b. Is b a prime number?
False
Let u(l) = -160*l - 1. Is u(-1) a composite number?
True
Suppose u - 5*q - 27 = 0, 0 = u - 2*u + q + 35. Is u a composite number?
False
Suppose -6*k - 5*t + 1297 = -2*k, 0 = 2*k - 2*t - 626. Suppose 3*g + 12 = 0, w + w = 5*g + k. Is w prime?
True
Let j(v) = 72*v**2 - v + 1. Is j(-2) prime?
False
Let t(m) be the first derivative of 9*m**5/10 + m**4/24 + m**3 - 4. Let b(w) be the third derivative of t(w). Is b(1) composite?
False
Suppose -2*s - 2 = -4. Let j(r) = 340*r. Let q be j(s). Suppose 5*x - q = z, 0 = -4*x - z + 5*z + 288. Is x composite?
False
Let d(p) = p**2 + 7*p + 6. Let f be d(-6). Suppose -5*s - 10 = f, -11 = 5*g + 5*s + 39. Let z(i) = i**3 + 8*i**2 - 6*i - 11. Is z(g) a composite number?
False
Suppose i = -0*i. Suppose 0*r = -4*u - 3*r + 227, u - r - 48 = i. Is u prime?
True
Let d be (118/3 - -1)*-3. Let g = d - -204. Is g a composite number?
False
Let u(k) = k**2 + 2*k + 1. Let t be u(-1). Suppose t = -5*v - 320 + 1095. Is v composite?
True
Suppose -5*u = -3271 + 216. Is u prime?
False
Let o(l) be the first derivative of 13*l**2/2 + 10*l + 3. Is o(9) prime?
True
Let j(r) = -r**2 - 8*r - 7. Let i be j(-6). Suppose -i*f + 414 = 89. Is f prime?
False
Suppose -6 = 2*u, -5*h + 4*u - u = -1944. Suppose 3*o - h = -3*y, -2*o + 203 + 49 = -y. Is o composite?
False
Let y(p) = -p**3 - 4*p**2 - 4*p - 1. Let w be y(-3). Suppose -w*d = 3*d - 50. Is d prime?
False
Suppose -2*q + 7*q - 3 = -4*y, 0 = -q + 3*y + 12. Suppose q*b - 2*k - 106 = b, k = 2. Is b a prime number?
False
Suppose y + 0 = -3. Let r(a) be the first derivative of 16*a**3/3 - a**2 - a - 5. Is r(y) a composite number?
False
Suppose -5*d - 203 = 527. Suppose 5 = -4*w - 1391. Let m = d - w. Is m composite?
True
Let q = 32 + -11. Is q prime?
False
Let t be -2 + 3/1 + -5. Let f(y) = y**2 + 2*y - 5. Let s be f(t). Suppose -5*n - s*v + 194 = 0, 2*n - 3*v - 86 = -7*v. Is n prime?
True
Let c be 156/(-9) - (-4)/(-6). Is -3*447/c*2 a composite number?
False
Let k = -2 + 6. Suppose -4*q - 2*d = -38, -k*q + 7*q = -d + 29. Is q a prime number?
False
Let y(d) = 31*d**2 - d + 17. Is y(5) prime?
True
Suppose l + 3*x = 113 + 768, -3496 = -4*l - 5*x. Is l a prime number?
False
Let h(s) = 31*s + 20. Is h(14) a prime number?
False
Let o = 15 - 9. Suppose -336 = o*b - 2*b. Let d = 7 - b. Is d prime?
False
Suppose 62 = 5*k - 368. Let l = k - -173. Is l composite?
True
Let m(i) = i**2 - 13*i + 41. Is m(11) a composite number?
False
Let q(x) = 3*x**2 - x. Let n be q(1). Let d = n - 2. Suppose 0 = -2*s + 4, -3*w + d*w = -4*s - 409. Is w a prime number?
True
Let y(w) = -5*w. Let f be y(-4). Is (f/6)/(4/318) a composite number?
True
Let x = -6 + 4. Let i be -2 - (-1 - 114/x). Let v = -9 - i. Is v a composite number?
True
Suppose -7*o = -23824 - 13465. Is o composite?
True
Suppose 7*w - 6252 = 3*w + 4*t, -4*w + 6238 = 3*t. Is w composite?
True
Let z be ((-6)/4)/(9/(-24)). Let y = z - 0. Suppose -38 = -2*g - 4*j, y*g = -3*j - j + 64. Is g a composite number?
False
Let r = -16 + 38. Let z = -16 + r. Suppose -z*w + 310 = -4*w. Is w composite?
True
Let h(b) = -b**2 + 4 - b - 163*b**3 - 4. Let p(n) = -n**3 + 2*n**2 - n + 1. Let j be p(2). Is h(j) a prime number?
True
Suppose u - 5*u + 2017 = 3*l, -5*u + 2516 = 2*l. Is u a prime number?
False
Let j(a) = 135*a + 38. Is j(17) composite?
False
Let i(j) = -18*j - 1. Is i(-3) composite?
False
Suppose 2*d = -413 + 155. Is d/(-12) + 2/8 a composite number?
False
Let y(q) = 12*q**2 + 2*q - 3. Let m(u) = 6*u**2 + u - 2. Let w(p) = 5*m(p) - 2*y(p). Is w(-9) a prime number?
False
Is (-251)/(-11) - (-12)/66 a composite number?
False
Let i(j) = 0 - 26*j - 1 + 3. Let s be i(2). Is (10/25)/((-2)/s) composite?
True
Let l(w) = 1 + w + w**2 + 7*w**2 - 4*w**2 + w. Let y(u) = u**2 + 2*u - 1. Let x be y(-3). Is l(x) a composite number?
True
Let s(k) = 0 + 0 - 9*k + 2 + 0. Is s(-9) a composite number?
False
Let c = 27 + -18. Is c prime?
False
Let q = 6 + -1. Suppose q*x + 2*s = 18, 3*s - 29 = -3*x - 11. Suppose -b - 59 = -x*b. Is b a prime number?
True
Suppose 25*c + 139 = 26*c. Is c prime?
True
Suppose 38 = -m - 5*d, -5*d = -2*m + 7*m + 110. Let w be 4/(-6) - 84/m. Suppose w*f + 3*n = -f + 113, 4*f - 87 = n. Is f composite?
True
Suppose 0*o + 4*o + 470 = 5*f, 94 = f - 4*o. Let j be f/(-4) + (-3)/6. Let t = j - -71. Is t composite?
False
Suppose -5*c = -446 + 46. Suppose -3*d + 25 = -2*j, 3*d + 33 - c = 4*j. Let y = 2 - j. Is y prime?
True
Let a(y) = 42*y - 137*y - 237*y. Let u be a(-1). Suppose 63 = 5*t - u. Is t composite?
False
Let s(y) = -10*y**3 - 6*y**2 + 6*y - 5. Is s(-7) a composite number?
False
Let b(q) = q**3 - 3*q**2 - 10*q - 7. Let m be b(8). Suppose 0 = 4*r - 3*p + 351, -13 = -2*r - p - 176. Let k = r + m. Is k composite?
False
Suppose 0 = -5*l - x + 4105, -3*l + 5*x = -1735 - 728. Is l composite?
False
Let v(u) = 19*u**3 - 5*u**2 + 6*u - 7. Is v(3) composite?
False
Suppose k - 2*f = 3*f + 459, 0 = 2*k - 5*f - 938. Is k prime?
True
Let g be 38/8 + 2/8. Suppose -4*n - 267 = -3*m, -g*m - 2*n + 157 = -262. Is m prime?
False
Let k = 1 + 2. Let x be (-21*(-3)/k)/(-1). Let u = -6 - x. Is u composite?
True
Suppose -q = q. Suppose 4*y = q, b + 2*b + 4*y = 9. Let l(w) = 8*w**2 + 5*w - 4. Is l(b) composite?
False
Let w be 6/4 + 12/8. Suppose 5*t + 526 = 4*k, -w*k + 4*k - 127 = -t. Is k composite?
True
Suppose -4*o + 3*o = 0. Suppose -b + 2*b - 353 = o. Is b composite?
False
Let t(p) = 5*p**2 + p. Let v be t(1). Suppose -v*o = -o. Suppose 3*j = -o*j + 2*x + 661, -4*x - 671 = -3*j. Is j a composite number?
True
Suppose -4*a - 3719 = -9*a - 4*w, 2*w = 5*a - 3713. Is a prime?
True
Let x(d) = 10*d. Let h be x(1). Suppose 40 - h = 5*v. Is v a prime number?
False
Suppose -2*j + 3116 = 5*v, -5*j = -0*v - 2*v + 1229. Is v a prime number?
False
Let q = 7 - 7. Let t = q + 0. Let r = 7 + t. Is r composite?
False
Suppose -13*s = -9*s - 1528. Is s composite?
True
Let h(j) = j**3 + 7*j**2 + 5*j + 3. Let x be h(-6). Suppose -3*q - x = -6*q. Is -4*(q + 957/(-12)) prime?
True
Suppose 5 = 4*d + 1. Let t be (-4)/1*d/(-2). Suppose t*v = -3*v - 10, 0 = 4*w - 2*v - 56. Is w composite?
False
Let x be (-2)/(-4)*(3 + -1). Is (-149)/(x/2*-2) composite?
False
Let q(w) = 253*w**3 - w**2 + 1. Let l be q(1). Suppose o = -4*n + 73, 5*o - n - 196 = l. Is o a composite number?
False
Suppose -2 = 2*a - 468. Is a a prime number?
True
Suppose 9 + 3 = 3*z. Suppose r = -z*r + 490. Suppose -7 = -5*l + r. Is l prime?
False
Let k(j) = 12*j + 1. Let b be k(4). Suppose b = 3*w - 5*q - 52, 3*w - 3*q = 105. Is w a composite number?
False
Let h be -2 + 11/((-2)/(-2)). Suppose 5*i + 4*k + 74 = 0, -2*i = -3*i + 5*k - h. Is 4/i - (-233)/7 composite?
True
Suppose -2 = -4*b + 3*b. Suppose y + 4*y = b*o + 4827, 2*o = 2*y - 1926. Is y prim